{"id":249,"date":"2022-09-21T07:53:02","date_gmt":"2022-09-21T05:53:02","guid":{"rendered":"https:\/\/cursasantlluc.cat\/?page_id=249"},"modified":"2025-09-23T12:58:22","modified_gmt":"2025-09-23T10:58:22","slug":"cursa-inclusiva","status":"publish","type":"page","link":"https:\/\/cursasantlluc.olot.cat\/index.php\/cursa-inclusiva\/","title":{"rendered":"CURSA INCLUSIVA"},"content":{"rendered":"\n<div style=\"height:41px\" aria-hidden=\"true\" class=\"wp-block-spacer\"><\/div>\n\n\n\n<p class=\"has-text-align-left\">Diumenge 19 d\u2019octubre, l\u2019<strong>\u00c0rea d\u2019Esports de l\u2019Ajuntament d\u2019Olot<\/strong> conjuntament amb la <strong>Fundaci\u00f3 Hospital d&#8217;Olot i Comarcal de la Garrotxa<\/strong> dona continu\u00eftat a la <strong>Cursa de Sant Lluc<\/strong> d&#8217;Olot, amb la col\u00b7laboraci\u00f3 de l\u2019Associaci\u00f3 de Ve\u00efns de la Pla\u00e7a Catalunya, Fotoinstant.com i EOS Cronometratge.<\/p>\n\n\n\n<p class=\"has-text-align-left\"><strong>Una cursa adaptada i oberta a tota la ciutadania<\/strong><\/p>\n\n\n\n<p class=\"has-text-align-left\">Enguany hi torna haver una cursa per a nens i nenes i una altra d\u2019adaptada per a persones amb diversitat funcional. Aquesta \u00faltima iniciativa sorgeix d\u2019una proposta del Servei de Rehabilitaci\u00f3-Logop\u00e8dia de l\u2019Hospital d\u2019Olot.<\/p>\n\n\n\n<p class=\"has-text-align-left\">La <strong>cursa inclusiva<\/strong>, amb dist\u00e0ncies de 20 m, 50 m i 100 m i sense barreres arquitect\u00f2niques, \u00e9s oberta a tothom qui hi vulgui participar i est\u00e0 feta tenint en compte les necessitats de diferents col\u00b7lectius com ara persones amb mobilitat redu\u00efda o defici\u00e8ncia visual. Per als participants i les seves fam\u00edlies hi haur\u00e0 p\u00e0rquing adaptat, una carpa com a zona de descans i begudes adaptades amb espesse\u00efdor i aigua gelificada. El preu de la inscripci\u00f3 de les curses infantils i la cursa inclusiva \u00e9s de 5 \u20ac i el tret de sortida a la cursa es preveu que es faci abans de les curses de 5km i 10km. &nbsp;<\/p>\n\n\n\n<p><\/p>\n\n\n\n<div class=\"wp-block-columns is-layout-flex wp-container-core-columns-is-layout-9d6595d7 wp-block-columns-is-layout-flex\">\n<div class=\"wp-block-column is-layout-flow wp-block-column-is-layout-flow\"><div class=\"wp-block-image\">\n<figure class=\"aligncenter size-large\"><img fetchpriority=\"high\" decoding=\"async\" width=\"2048\" height=\"1536\" src=\"https:\/\/cursasantlluc.olot.cat\/wp-content\/uploads\/2024\/10\/santlluc_cursa_3.jpg?w=1024\" alt=\"\" class=\"wp-image-1410\" srcset=\"https:\/\/cursasantlluc.olot.cat\/wp-content\/uploads\/2024\/10\/santlluc_cursa_3.jpg 2048w, https:\/\/cursasantlluc.olot.cat\/wp-content\/uploads\/2024\/10\/santlluc_cursa_3-300x225.jpg 300w, https:\/\/cursasantlluc.olot.cat\/wp-content\/uploads\/2024\/10\/santlluc_cursa_3-1024x768.jpg 1024w, https:\/\/cursasantlluc.olot.cat\/wp-content\/uploads\/2024\/10\/santlluc_cursa_3-768x576.jpg 768w, https:\/\/cursasantlluc.olot.cat\/wp-content\/uploads\/2024\/10\/santlluc_cursa_3-1536x1152.jpg 1536w\" sizes=\"(max-width: 2048px) 100vw, 2048px\" \/><\/figure>\n<\/div><\/div>\n\n\n\n<div class=\"wp-block-column is-layout-flow wp-block-column-is-layout-flow\">\n<figure class=\"wp-block-image size-large\"><img decoding=\"async\" width=\"2048\" height=\"1536\" src=\"https:\/\/cursasantlluc.olot.cat\/wp-content\/uploads\/2024\/10\/santlluc_cursa_2.jpg?w=1024\" alt=\"\" class=\"wp-image-1411\" srcset=\"https:\/\/cursasantlluc.olot.cat\/wp-content\/uploads\/2024\/10\/santlluc_cursa_2.jpg 2048w, https:\/\/cursasantlluc.olot.cat\/wp-content\/uploads\/2024\/10\/santlluc_cursa_2-300x225.jpg 300w, https:\/\/cursasantlluc.olot.cat\/wp-content\/uploads\/2024\/10\/santlluc_cursa_2-1024x768.jpg 1024w, https:\/\/cursasantlluc.olot.cat\/wp-content\/uploads\/2024\/10\/santlluc_cursa_2-768x576.jpg 768w, https:\/\/cursasantlluc.olot.cat\/wp-content\/uploads\/2024\/10\/santlluc_cursa_2-1536x1152.jpg 1536w\" sizes=\"(max-width: 2048px) 100vw, 2048px\" \/><\/figure>\n<\/div>\n<\/div>\n\n\n\n<p class=\"has-text-align-left\"><\/p>\n\n\n\n<p class=\"has-text-align-left\"><\/p>\n\n\n\n<p class=\"has-text-align-left\"><strong>| La sortida de la cursa i el recorregut seran al Carrer Sant Rafel <\/strong><\/p>\n\n\n\n<p><\/p>\n\n\n\n<p><strong>| La marxa compta amb un servei d&#8217;aparcament per les persones participants de la cursa inclusiva. <\/strong><\/p>\n\n\n\n<div style=\"height:100px\" aria-hidden=\"true\" class=\"wp-block-spacer\"><\/div>\n","protected":false},"excerpt":{"rendered":"<p>Diumenge 19 d\u2019octubre, l\u2019\u00c0rea d\u2019Esports de l\u2019Ajuntament d\u2019Olot conjuntament amb la Fundaci\u00f3 Hospital d&#8217;Olot i Comarcal de la Garrotxa dona continu\u00eftat a la Cursa de Sant Lluc d&#8217;Olot, amb la col\u00b7laboraci\u00f3 de l\u2019Associaci\u00f3 de Ve\u00efns de la Pla\u00e7a Catalunya, Fotoinstant.com i EOS Cronometratge. Una cursa adaptada i oberta a tota la ciutadania Enguany hi torna &hellip; <a href=\"https:\/\/cursasantlluc.olot.cat\/index.php\/cursa-inclusiva\/\" class=\"more-link\">Continue reading <span class=\"screen-reader-text\">CURSA INCLUSIVA<\/span> <span class=\"meta-nav\">&rarr;<\/span><\/a><\/p>\n","protected":false},"author":4,"featured_media":0,"parent":0,"menu_order":0,"comment_status":"closed","ping_status":"closed","template":"","meta":{"footnotes":""},"class_list":["post-249","page","type-page","status-publish","hentry"],"jetpack_sharing_enabled":true,"_links":{"self":[{"href":"https:\/\/cursasantlluc.olot.cat\/index.php\/wp-json\/wp\/v2\/pages\/249","targetHints":{"allow":["GET"]}}],"collection":[{"href":"https:\/\/cursasantlluc.olot.cat\/index.php\/wp-json\/wp\/v2\/pages"}],"about":[{"href":"https:\/\/cursasantlluc.olot.cat\/index.php\/wp-json\/wp\/v2\/types\/page"}],"author":[{"embeddable":true,"href":"https:\/\/cursasantlluc.olot.cat\/index.php\/wp-json\/wp\/v2\/users\/4"}],"replies":[{"embeddable":true,"href":"https:\/\/cursasantlluc.olot.cat\/index.php\/wp-json\/wp\/v2\/comments?post=249"}],"version-history":[{"count":1,"href":"https:\/\/cursasantlluc.olot.cat\/index.php\/wp-json\/wp\/v2\/pages\/249\/revisions"}],"predecessor-version":[{"id":2445,"href":"https:\/\/cursasantlluc.olot.cat\/index.php\/wp-json\/wp\/v2\/pages\/249\/revisions\/2445"}],"wp:attachment":[{"href":"https:\/\/cursasantlluc.olot.cat\/index.php\/wp-json\/wp\/v2\/media?parent=249"}],"curies":[{"name":"wp","href":"https:\/\/api.w.org\/{rel}","templated":true}]}}